{"id":5328,"date":"2025-02-04T19:57:34","date_gmt":"2025-02-04T18:57:34","guid":{"rendered":"https:\/\/gatugarden.se\/?page_id=5328"},"modified":"2025-02-04T20:28:05","modified_gmt":"2025-02-04T19:28:05","slug":"fastigheterna","status":"publish","type":"page","link":"https:\/\/gatugarden.se\/?page_id=5328","title":{"rendered":"Fastigheterna"},"content":{"rendered":"\n<p>Varje radhus \u00e4r en egen, privat\u00e4gd fastighet p\u00e5 123 m2 med tillh\u00f6rande tomtmark. Fastigheterna betecknas Torslanda 45:xxx, d\u00e4r xxx markerar respektive husnummer mellan 1-289. Husen uppf\u00f6rdes under \u00e5ren 1965-66 och var d\u00e5 bostadsr\u00e4ttsfastigheter, fr\u00e4mst riktade mot Volvo-anst\u00e4llda. Mellan \u00e5r 1975-78 frik\u00f6ptes fastigheterna. Varje fastighet disponerar ett garage i omr\u00e5det. Garagen \u00e4gs av f\u00f6reningen, men ing\u00e5r f\u00f6r disponering i m\u00e5nadsavgiften. Garagen \u00e4r f\u00f6rsedda med automatiska portar och till varje garage h\u00f6r tv\u00e5 fj\u00e4rrkontroller samt nycklar. Vid problem med garagen kontaktas fastighetssk\u00f6taren.<br><br>Varje fastighets\u00e4gare ansvarar f\u00f6r underh\u00e5ll p\u00e5 den egna fastigheten samt tomtmarken. Dock \u00e4r f\u00f6reningen ansvarig f\u00f6r underh\u00e5ll av r\u00f6rledningar i krypgrunden (upp till och med avst\u00e4ngningskranarna f\u00f6r varm- och kallvatten samt v\u00e4rme i tv\u00e4ttstugan) samt yttertak. Fastighets\u00e4garen \u00e4r ansvarig f\u00f6r golvbrunnar och avlopp. V\u00e4rmesystemet i f\u00f6reningen \u00e4r anpassat efter befintlig r\u00f6rdragning i omr\u00e5det samt i varje fastighet, d\u00e4rf\u00f6r beh\u00f6ver styrelsen eller fastighetssk\u00f6tare kontaktas inf\u00f6r borttagning\/utbyte av radiatorer samt innan golvv\u00e4rme l\u00e4ggs in. De fastighets\u00e4gare som \u00e4ger ett gavelhus kan s\u00f6ka bidrag f\u00f6r byte av panel samt till\u00e4ggsisolering hos f\u00f6reningen (information om detta finns p\u00e5 f\u00f6reningens hemsida). Varje fastighet \u00e4r kopplat till Telias fiberkabeln\u00e4t med tillg\u00e5ng till Telias kanalpaket \u201dmellan\u201d. Det ing\u00e5r en digitalbox, switch och router per fastighet (men som tillh\u00f6r f\u00f6reningen och ska l\u00e4mnas kvar vid flytt).<\/p>\n\n\n\n<p><\/p>\n\n\n\n<p><\/p>\n\n\n\n<p><br><strong>Information g\u00e4llande v\u00e4rme, varmvatten, renovering och gr\u00e4varbeten i tr\u00e4dg\u00e5rden<\/strong><\/p>\n\n\n\n<p>Eftersom vi har gemensam v\u00e4rme i omr\u00e5det \u00e4r det viktigt att beakta f\u00f6ljande;<br>\u2981 Det f\u00e5r inte l\u00e4ggas in med vattenkapacitet \u00e4n vad som finns i radiatorerna vid byte av radiatorer till vattenburen golvv\u00e4rme. Om denna ut\u00f6kas medf\u00f6r det att v\u00e4rmen hos grannarna s\u00e4nks.<br>\u2981 Fel p\u00e5 v\u00e4rmen eller termostaterna ska anm\u00e4las till fastighetssk\u00f6taren, som avhj\u00e4lper problemet kostnadsfritt.<br>\u2981 Disk- eller tv\u00e4ttmaskin ska inte kopplas p\u00e5 varmvattenledningen. Om detta sker f\u00f6rlorar \u00f6vriga fastigheter i l\u00e4ngan sitt varmvatten d\u00e5 maskinen \u00e4r i drift.<br>\u2981 Vid renovering av badrummet p\u00e5 ovanv\u00e5ningen ska fastighets\u00e4gare som har ytterbelysning p\u00e5 sin fasad vara aktsamma d\u00e5 kablage till denna ligger i badrumsgolvet.<br>\u2981 Var \u00e4ven aktsam vid renovering av f\u00f6rr\u00e5det d\u00e5 kablage till ytterbelysning \u00e4r dragen i v\u00e4ggen.<br>\u2981 Prata alltid med f\u00f6reningen om vad som g\u00e4ller inf\u00f6r relining av avloppsr\u00f6r.<br>\u2981 F\u00f6reningen rekommenderar uts\u00e4ttning av kablage i tr\u00e4dg\u00e5rden inf\u00f6r gr\u00e4varbeten, med syfte att minska risken att gr\u00e4va av dessa. <br>\u2981 Fastigheterna som ligger i husl\u00e4ngornas gavlar kan ha fiberkabel nedgr\u00e4vd. F\u00f6reningen \u00e4ger sj\u00e4lv fiberkabeln, ta kontakt med fastighetssk\u00f6taren inf\u00f6r gr\u00e4varbeten f\u00f6r att minska risken att den gr\u00e4vs av.<br><br>Vid ytterligare fr\u00e5gor kan kontakt alltid tas med fastighetssk\u00f6taren!<\/p>\n","protected":false},"excerpt":{"rendered":"<p>Varje radhus \u00e4r en egen, privat\u00e4gd fastighet p\u00e5 123 m2 med tillh\u00f6rande tomtmark. Fastigheterna betecknas Torslanda 45:xxx, d\u00e4r xxx markerar respektive husnummer mellan 1-289. Husen uppf\u00f6rdes under \u00e5ren 1965-66 och &#8230;<\/p>\n","protected":false},"author":1,"featured_media":0,"parent":4294,"menu_order":1,"comment_status":"closed","ping_status":"closed","template":"template-fullwidth.php","meta":{"_s2mail":"yes","footnotes":""},"_links":{"self":[{"href":"https:\/\/gatugarden.se\/index.php?rest_route=\/wp\/v2\/pages\/5328"}],"collection":[{"href":"https:\/\/gatugarden.se\/index.php?rest_route=\/wp\/v2\/pages"}],"about":[{"href":"https:\/\/gatugarden.se\/index.php?rest_route=\/wp\/v2\/types\/page"}],"author":[{"embeddable":true,"href":"https:\/\/gatugarden.se\/index.php?rest_route=\/wp\/v2\/users\/1"}],"replies":[{"embeddable":true,"href":"https:\/\/gatugarden.se\/index.php?rest_route=%2Fwp%2Fv2%2Fcomments&post=5328"}],"version-history":[{"count":4,"href":"https:\/\/gatugarden.se\/index.php?rest_route=\/wp\/v2\/pages\/5328\/revisions"}],"predecessor-version":[{"id":5347,"href":"https:\/\/gatugarden.se\/index.php?rest_route=\/wp\/v2\/pages\/5328\/revisions\/5347"}],"up":[{"embeddable":true,"href":"https:\/\/gatugarden.se\/index.php?rest_route=\/wp\/v2\/pages\/4294"}],"wp:attachment":[{"href":"https:\/\/gatugarden.se\/index.php?rest_route=%2Fwp%2Fv2%2Fmedia&parent=5328"}],"curies":[{"name":"wp","href":"https:\/\/api.w.org\/{rel}","templated":true}]}}