{"id":4642,"date":"2021-02-15T09:21:00","date_gmt":"2021-02-15T08:21:00","guid":{"rendered":"https:\/\/gatugarden.se\/?page_id=4642"},"modified":"2025-10-25T12:07:21","modified_gmt":"2025-10-25T11:07:21","slug":"laddning-av-elbil-hybridbil","status":"publish","type":"page","link":"https:\/\/gatugarden.se\/?page_id=4642","title":{"rendered":"Laddning av elbil\/hybridbil"},"content":{"rendered":"\n<p>Gatug\u00e5rden Ekonomiska F\u00f6rening har installerat laddboxar i majoriteten av garagen p\u00e5 g\u00e5rden. Arbetet slutf\u00f6rdes 2025. Styrelsen tog fram kostnadsf\u00f6rslag och h\u00e5ll en omr\u00f6stning g\u00e4llande genomf\u00f6rande av installationen eller ej.  F\u00f6reningens medlemmar r\u00f6stade f\u00f6r. Beslut fattades d\u00e5 att dra fram el och f\u00e4rdigst\u00e4lla markarbetet som kr\u00e4vdes f\u00f6r installationen, men varje enskild fastighets\u00e4garen fick best\u00e4mma om de ville installera en laddbox i garaget eller ej.<\/p>\n\n\n\n<p>Om det \u00e4r s\u00e5 att n\u00e5gon fastighets\u00e4gare \u00e5ngrat sig och vill installera, ska man kontakta <a href=\"mailto:gef.gatugarden@telia.com\">gef.gatugarden@telia.com<\/a><br>Det kommer inte ske n\u00e5gon l\u00f6pande installation, men f\u00f6reningen kan samla upp intresseanm\u00e4lan om det \u00e4r m\u00e5nga som vill.<\/p>\n\n\n\n<p>F\u00f6reningen till\u00e5ter inte att bilar laddas genom vanliga eluttag d\u00e5 detta medf\u00f6r risk f\u00f6r \u00f6verhettning och brand. Dessv\u00e4rre f\u00f6rekommer garage- och villabr\u00e4nder med j\u00e4mna mellanrum i landet, d\u00e5 vanliga kontakter inte klarar av den h\u00f6ga belastningen. Mer om det g\u00e5r att l\u00e4sa p\u00e5 Els\u00e4kerhetsverket. Laddning i det vanliga uttaget inneb\u00e4r \u00e4ven att man tar el fr\u00e5n f\u00f6reningen, som d\u00e5 f\u00e5r bekostas av samtliga medlemmar. Laddning i vanliga eluttag i garagen kan medf\u00f6ra upps\u00e4gning av nyttjande av garageplatsen.<\/p>\n\n\n\n<p><\/p>\n","protected":false},"excerpt":{"rendered":"<p>Gatug\u00e5rden Ekonomiska F\u00f6rening har installerat laddboxar i majoriteten av garagen p\u00e5 g\u00e5rden. Arbetet slutf\u00f6rdes 2025. Styrelsen tog fram kostnadsf\u00f6rslag och h\u00e5ll en omr\u00f6stning g\u00e4llande genomf\u00f6rande av installationen eller ej. F\u00f6reningens &#8230;<\/p>\n","protected":false},"author":1,"featured_media":0,"parent":0,"menu_order":0,"comment_status":"closed","ping_status":"closed","template":"","meta":{"_s2mail":"yes","footnotes":""},"_links":{"self":[{"href":"https:\/\/gatugarden.se\/index.php?rest_route=\/wp\/v2\/pages\/4642"}],"collection":[{"href":"https:\/\/gatugarden.se\/index.php?rest_route=\/wp\/v2\/pages"}],"about":[{"href":"https:\/\/gatugarden.se\/index.php?rest_route=\/wp\/v2\/types\/page"}],"author":[{"embeddable":true,"href":"https:\/\/gatugarden.se\/index.php?rest_route=\/wp\/v2\/users\/1"}],"replies":[{"embeddable":true,"href":"https:\/\/gatugarden.se\/index.php?rest_route=%2Fwp%2Fv2%2Fcomments&post=4642"}],"version-history":[{"count":13,"href":"https:\/\/gatugarden.se\/index.php?rest_route=\/wp\/v2\/pages\/4642\/revisions"}],"predecessor-version":[{"id":5465,"href":"https:\/\/gatugarden.se\/index.php?rest_route=\/wp\/v2\/pages\/4642\/revisions\/5465"}],"wp:attachment":[{"href":"https:\/\/gatugarden.se\/index.php?rest_route=%2Fwp%2Fv2%2Fmedia&parent=4642"}],"curies":[{"name":"wp","href":"https:\/\/api.w.org\/{rel}","templated":true}]}}