{"id":4308,"date":"2020-03-13T08:58:28","date_gmt":"2020-03-13T08:58:28","guid":{"rendered":"https:\/\/gtg.daysoft.se\/?page_id=4308"},"modified":"2021-03-29T08:39:05","modified_gmt":"2021-03-29T07:39:05","slug":"barnsektionen","status":"publish","type":"page","link":"https:\/\/gatugarden.se\/?page_id=4308","title":{"rendered":"Barnsektionen"},"content":{"rendered":"\n<p><strong>Barnsektionen<\/strong><\/p>\n\n\n\n<p>Barnsektionens kontaktperson \u00e4r Ann Lindquist, mailadress:\u00a0<a href=\"mailto:annlin@live.se\">annlin@live.se<\/a>.<\/p>\n\n\n\n<p>I dagsl\u00e4get finns ingen aktiv grupp som utg\u00f6r en barnsektion och kan planera f\u00f6r olika aktiviteter \u00f6ver \u00e5ret. Trots detta har sp\u00f6kpromenaden har kunnat leva vidare genom engagemang av frivilliga.  \u00c5r 2018 blev ett undantag d\u00e5 det vi inte fick ihop tillr\u00e4ckligt med vuxna som kunde hj\u00e4lpa till och sp\u00f6kpromenaden fick dessv\u00e4rre st\u00e4llas in. Det togs dock igen med r\u00e5ge \u00e5r 2019, d\u00e5 det var m\u00e5nga som ville vara med att hj\u00e4lpa till och det blev rekordm\u00e5nga sp\u00f6ken och l\u00e4skigheter i skogen! \u00c5r 2020 fick vi st\u00e4lla in sp\u00f6kpromenaden igen tyv\u00e4rr, d\u00e5 vi hade en r\u00e5dande pandemi. Vi hoppas att kunna genomf\u00f6ra sp\u00f6kpromenad igen h\u00f6sten 2021.<\/p>\n\n\n\n<p>F\u00f6r att kunna genomf\u00f6ra aktiviteter f\u00f6r v\u00e5ra barn och ungdomar beh\u00f6vs det att vi \u00e4r flera som hj\u00e4lps \u00e5t!<\/p>\n\n\n\n<p>Alla kommande aktiviteter kommer publiceras p\u00e5 hemsidan och via facebook. Vill ni ha flera\u00a0andra\u00a0aktiviteter f\u00f6r v\u00e5ra barn och ungdomar, s\u00e5 kom g\u00e4rna med id\u00e9er, det vore fantastiskt roligt!<\/p>\n","protected":false},"excerpt":{"rendered":"<p>Barnsektionen Barnsektionens kontaktperson \u00e4r Ann Lindquist, mailadress:\u00a0annlin@live.se. I dagsl\u00e4get finns ingen aktiv grupp som utg\u00f6r en barnsektion och kan planera f\u00f6r olika aktiviteter \u00f6ver \u00e5ret. Trots detta har sp\u00f6kpromenaden har &#8230;<\/p>\n","protected":false},"author":1,"featured_media":0,"parent":4300,"menu_order":0,"comment_status":"closed","ping_status":"closed","template":"template-fullwidth.php","meta":{"_s2mail":"yes","footnotes":""},"_links":{"self":[{"href":"https:\/\/gatugarden.se\/index.php?rest_route=\/wp\/v2\/pages\/4308"}],"collection":[{"href":"https:\/\/gatugarden.se\/index.php?rest_route=\/wp\/v2\/pages"}],"about":[{"href":"https:\/\/gatugarden.se\/index.php?rest_route=\/wp\/v2\/types\/page"}],"author":[{"embeddable":true,"href":"https:\/\/gatugarden.se\/index.php?rest_route=\/wp\/v2\/users\/1"}],"replies":[{"embeddable":true,"href":"https:\/\/gatugarden.se\/index.php?rest_route=%2Fwp%2Fv2%2Fcomments&post=4308"}],"version-history":[{"count":2,"href":"https:\/\/gatugarden.se\/index.php?rest_route=\/wp\/v2\/pages\/4308\/revisions"}],"predecessor-version":[{"id":4671,"href":"https:\/\/gatugarden.se\/index.php?rest_route=\/wp\/v2\/pages\/4308\/revisions\/4671"}],"up":[{"embeddable":true,"href":"https:\/\/gatugarden.se\/index.php?rest_route=\/wp\/v2\/pages\/4300"}],"wp:attachment":[{"href":"https:\/\/gatugarden.se\/index.php?rest_route=%2Fwp%2Fv2%2Fmedia&parent=4308"}],"curies":[{"name":"wp","href":"https:\/\/api.w.org\/{rel}","templated":true}]}}

<p><strong>Barnsektionen</strong></p>



<p>Barnsektionens kontaktperson är Ann Lindquist, mailadress: <a href="mailto:annlin@live.se">annlin@live.se</a>.</p>



<p>I dagsläget finns ingen aktiv grupp som utgör en barnsektion och kan planera för olika aktiviteter över året. Trots detta har spökpromenaden har kunnat leva vidare genom engagemang av frivilliga.  År 2018 blev ett undantag då det vi inte fick ihop tillräckligt med vuxna som kunde hjälpa till och spökpromenaden fick dessvärre ställas in. Det togs dock igen med råge år 2019, då det var många som ville vara med att hjälpa till och det blev rekordmånga spöken och läskigheter i skogen! År 2020 fick vi ställa in spökpromenaden igen tyvärr, då vi hade en rådande pandemi. Vi hoppas att kunna genomföra spökpromenad igen hösten 2021.</p>



<p>För att kunna genomföra aktiviteter för våra barn och ungdomar behövs det att vi är flera som hjälps åt!</p>



<p>Alla kommande aktiviteter kommer publiceras på hemsidan och via facebook. Vill ni ha flera andra aktiviteter för våra barn och ungdomar, så kom gärna med idéer, det vore fantastiskt roligt!</p>

<p>Barnsektionen Barnsektionens kontaktperson är Ann Lindquist, mailadress: annlin@live.se. I dagsläget finns ingen aktiv grupp som utgör en barnsektion och kan planera för olika aktiviteter över året. Trots detta har spökpromenaden har &#8230;</p>
