{"id":4297,"date":"2020-03-13T08:55:17","date_gmt":"2020-03-13T08:55:17","guid":{"rendered":"https:\/\/gtg.daysoft.se\/?page_id=4297"},"modified":"2025-05-05T19:24:15","modified_gmt":"2025-05-05T18:24:15","slug":"styrelsen","status":"publish","type":"page","link":"https:\/\/gatugarden.se\/?page_id=4297","title":{"rendered":"Styrelsen"},"content":{"rendered":"\n<p><strong>Ordf\u00f6rande och ekonomiansvarig<\/strong> (<a href=\"https:\/\/gatugarden.se\/wp-content\/uploads\/2025\/02\/Befattn-ordforande-2025.pdf\" target=\"_blank\" rel=\"noreferrer noopener\">befattningsbeskrivning<\/a>)<\/p>\n\n\n\n<p>Mats Arnkil<br>Tel: 0725-848542<br>E-mail:&nbsp;<a href=\"mailto:gef.ordforande@telia.com\">gef.ordforande@telia.com<\/a><\/p>\n\n\n\n<hr class=\"wp-block-separator has-alpha-channel-opacity is-style-wide\"\/>\n\n\n\n<p><\/p>\n\n\n\n<p><\/p>\n\n\n\n<p><strong>Sekreterare<\/strong> (<a href=\"https:\/\/gatugarden.se\/wp-content\/uploads\/2025\/02\/Befattn-sekreterare-2025.pdf\" target=\"_blank\" rel=\"noreferrer noopener\">befattningsbeskrivning<\/a>)<\/p>\n\n\n\n<p>Josefine Neselrot<br>E-mail:\u00a0<a href=\"mailto:gef.sekreteraren@telia.com\">gef.sekreteraren@telia.com<\/a><\/p>\n\n\n\n<hr class=\"wp-block-separator has-alpha-channel-opacity is-style-wide\"\/>\n\n\n\n<p><\/p>\n\n\n\n<p><\/p>\n\n\n\n<p><strong>Underh\u00e5ll<\/strong> (<a href=\"https:\/\/gatugarden.se\/wp-content\/uploads\/2025\/03\/Befattn-underhallsansvarig-2025.pdf\" target=\"_blank\" rel=\"noreferrer noopener\">befattningsbeskrivning<\/a>)<\/p>\n\n\n\n<p>Christer Larson<br>Tel: 031-56 17 19<br>E-mail:&nbsp;<a href=\"mailto:gef.underhall@telia.com\">gef.underhall@telia.com<\/a><\/p>\n\n\n\n<hr class=\"wp-block-separator has-alpha-channel-opacity is-style-wide\"\/>\n\n\n\n<p><\/p>\n\n\n\n<p><\/p>\n\n\n\n<p><strong>Driftansvarig<\/strong> (<a href=\"https:\/\/gatugarden.se\/wp-content\/uploads\/2025\/03\/Befattn-driftansvarig-2025.pdf\" target=\"_blank\" rel=\"noreferrer noopener\">befattningsbeskrivning<\/a>)<\/p>\n\n\n\n<p>Glenn Borg<br>E-mail:&nbsp;<a href=\"mailto:gef.drift@telia.com\">gef.drift@telia.com<\/a><\/p>\n\n\n\n<p><\/p>\n\n\n\n<hr class=\"wp-block-separator has-alpha-channel-opacity is-style-wide\"\/>\n\n\n\n<p><\/p>\n\n\n\n<p><strong>Suppleant<\/strong> (<a href=\"https:\/\/gatugarden.se\/wp-content\/uploads\/2025\/02\/Befattn-suppleant-2025.pdf\" target=\"_blank\" rel=\"noreferrer noopener\">befattningsbeskrivning<\/a>)<\/p>\n\n\n\n<p>Ann Lindquist <br>E-mail:&nbsp; <a href=\"mailto:gef.suppleant@telia.com\">gef.suppleant@telia.com<\/a><\/p>\n\n\n\n<hr class=\"wp-block-separator has-alpha-channel-opacity is-style-wide\"\/>\n\n\n\n<p><\/p>\n\n\n\n<p><\/p>\n\n\n\n<p><strong>Suppleant<\/strong> (<a href=\"https:\/\/gatugarden.se\/wp-content\/uploads\/2025\/02\/Befattn-suppleant-2025.pdf\" target=\"_blank\" rel=\"noreferrer noopener\">befattningsbeskrivning<\/a>)<\/p>\n\n\n\n<p>Staffan Liljekvist&nbsp;<br>Tel:&nbsp;070-856 12 56<\/p>\n\n\n\n<hr class=\"wp-block-separator has-alpha-channel-opacity is-style-wide\"\/>\n\n\n\n<p><\/p>\n\n\n\n<p><\/p>\n\n\n\n<p><strong>Ekonomiansvarig\/kass\u00f6r<\/strong> (<a href=\"https:\/\/gatugarden.se\/wp-content\/uploads\/2025\/02\/Befattn-ekonomiansvarig-2025.pdf\" target=\"_blank\" rel=\"noreferrer noopener\">befattningsbeskrivning<\/a>)<\/p>\n\n\n\n<p>Uppdraget \u00e4r i dagsl\u00e4get outsourcat till AmEko Redovisningsbyr\u00e5 AB.<\/p>\n\n\n\n<p><\/p>\n\n\n\n<p><\/p>\n\n\n\n<hr class=\"wp-block-separator has-alpha-channel-opacity is-style-wide\"\/>\n\n\n\n<p><strong>Intresserad av&nbsp;styrelsearbete&nbsp;i Gatug\u00e5rden Ekonomisk F\u00f6rening?<\/strong><\/p>\n\n\n\n<p>Kontakta valberedningen:&nbsp;<br>Cecilia Kindgren Tel: 0708-683231,&nbsp;<a href=\"mailto:cecilia@kindgrens.se\">cecilia@kindgrens.se<\/a><\/p>\n\n\n\n<p>Anm\u00e4lan kan ocks\u00e5 g\u00f6ras till n\u00e5gon i styrelsen.<\/p>\n\n\n\n<p>V\u00e4lkommen med din anm\u00e4lan!<\/p>\n","protected":false},"excerpt":{"rendered":"<p>Ordf\u00f6rande och ekonomiansvarig (befattningsbeskrivning) Mats ArnkilTel: 0725-848542E-mail:&nbsp;gef.ordforande@telia.com Sekreterare (befattningsbeskrivning) Josefine NeselrotE-mail:\u00a0gef.sekreteraren@telia.com Underh\u00e5ll (befattningsbeskrivning) Christer LarsonTel: 031-56 17 19E-mail:&nbsp;gef.underhall@telia.com Driftansvarig (befattningsbeskrivning) Glenn BorgE-mail:&nbsp;gef.drift@telia.com Suppleant (befattningsbeskrivning) Ann Lindquist E-mail:&nbsp; gef.suppleant@telia.com Suppleant (befattningsbeskrivning) &#8230;<\/p>\n","protected":false},"author":1,"featured_media":0,"parent":4294,"menu_order":0,"comment_status":"closed","ping_status":"closed","template":"template-fullwidth.php","meta":{"_s2mail":"yes","footnotes":""},"_links":{"self":[{"href":"https:\/\/gatugarden.se\/index.php?rest_route=\/wp\/v2\/pages\/4297"}],"collection":[{"href":"https:\/\/gatugarden.se\/index.php?rest_route=\/wp\/v2\/pages"}],"about":[{"href":"https:\/\/gatugarden.se\/index.php?rest_route=\/wp\/v2\/types\/page"}],"author":[{"embeddable":true,"href":"https:\/\/gatugarden.se\/index.php?rest_route=\/wp\/v2\/users\/1"}],"replies":[{"embeddable":true,"href":"https:\/\/gatugarden.se\/index.php?rest_route=%2Fwp%2Fv2%2Fcomments&post=4297"}],"version-history":[{"count":18,"href":"https:\/\/gatugarden.se\/index.php?rest_route=\/wp\/v2\/pages\/4297\/revisions"}],"predecessor-version":[{"id":5411,"href":"https:\/\/gatugarden.se\/index.php?rest_route=\/wp\/v2\/pages\/4297\/revisions\/5411"}],"up":[{"embeddable":true,"href":"https:\/\/gatugarden.se\/index.php?rest_route=\/wp\/v2\/pages\/4294"}],"wp:attachment":[{"href":"https:\/\/gatugarden.se\/index.php?rest_route=%2Fwp%2Fv2%2Fmedia&parent=4297"}],"curies":[{"name":"wp","href":"https:\/\/api.w.org\/{rel}","templated":true}]}}